
What is the ten thousands digit of 33592?
3
What is the hundreds digit of 110?
1
What is the tens digit of 11127?
2
What is the hundreds digit of 7571?
5
What is the hundreds digit of 1775?
7
What is the hundreds digit of 1027?
0
What is the hundreds digit of 3458?
4
What is the hundreds digit of 729?
7
What is the ten thousands digit of 17243?
1
What is the hundreds digit of 3961?
9
What is the ten thousands digit of 132772?
3
What is the tens digit of 51882?
8
What is the units digit of 140371?
1
What is the tens digit of 18242?
4
What is the ten thousands digit of 21018?
2
What is the tens digit of 882?
8
What is the thousands digit of 9053?
9
What is the hundreds digit of 82750?
7
What is the thousands digit of 1734?
1
What is the hundreds digit of 5581?
5
What is the units digit of 91?
1
What is the tens digit of 3042?
4
What is the ten thousands digit of 154218?
5
What is the hundreds digit of 2056?
0
What is the tens digit of 76667?
6
What is the tens digit of 3603?
0
What is the tens digit of 98577?
7
What is the tens digit of 31438?
3
What is the thousands digit of 8792?
8
What is the ten thousands digit of 29056?
2
What is the thousands digit of 8910?
8
What is the thousands digit of 107877?
7
What is the thousands digit of 3545?
3
What is the ten thousands digit of 12288?
1
What is the units digit of 367?
7
What is the hundreds digit of 3716?
7
What is the units digit of 689?
9
What is the thousands digit of 85577?
5
What is the thousands digit of 1234?
1
What is the units digit of 692?
2
What is the hundreds digit of 281?
2
What is the units digit of 25870?
0
What is the units digit of 56384?
4
What is the hundreds digit of 3469?
4
What is the thousands digit of 34633?
4
What is the thousands digit of 2206?
2
What is the thousands digit of 77648?
7
What is the tens digit of 3687?
8
What is the hundreds digit of 786?
7
What is the hundreds digit of 1789?
7
What is the units digit of 11785?
5
What is the hundreds digit of 1259?
2
What is the hundreds digit of 8975?
9
What is the thousands digit of 19869?
9
What is the thousands digit of 10157?
0
What is the tens digit of 2849?
4
What is the thousands digit of 10948?
0
What is the tens digit of 51969?
6
What is the thousands digit of 5177?
5
What is the hundreds digit of 268?
2
What is the hundreds digit of 546?
5
What is the thousands digit of 1099?
1
What is the thousands digit of 6451?
6
What is the tens digit of 56855?
5
What is the thousands digit of 4578?
4
What is the hundreds digit of 1210?
2
What is the tens digit of 12733?
3
What is the tens digit of 27264?
6
What is the units digit of 23?
3
What is the hundreds digit of 2682?
6
What is the units digit of 1715?
5
What is the units digit of 4467?
7
What is the thousands digit of 115953?
5
What is the tens digit of 10071?
7
What is the hundreds digit of 11401?
4
What is the hundreds digit of 935?
9
What is the thousands digit of 1242?
1
What is the units digit of 3735?
5
What is the hundreds digit of 1379?
3
What is the hundreds digit of 1702?
7
What is the tens digit of 2683?
8
What is the units digit of 2319?
9
What is the tens digit of 601?
0
What is the units digit of 10105?
5
What is the units digit of 172899?
9
What is the tens digit of 490?
9
What is the tens digit of 14773?
7
What is the units digit of 8527?
7
What is the units digit of 2577?
7
What is the ten thousands digit of 88499?
8
What is the tens digit of 71268?
6
What is the units digit of 11453?
3
What is the hundreds digit of 2510?
5
What is the units digit of 1502?
2
What is the units digit of 224?
4
What is the hundreds digit of 408?
4
What is the units digit of 827?
7
What is the ten thousands digit of 16225?
1
What is the thousands digit of 18089?
8
What is the tens digit of 56356?
5
What is the thousands digit of 9013?
9
What is the tens digit of 1929?
2
What is the ten thousands digit of 73329?
7
What is the tens digit of 23707?
0
What is the ten thousands digit of 24966?
2
What is the units digit of 2152?
2
What is the tens digit of 5541?
4
What is the units digit of 124595?
5
What is the tens digit of 591?
9
What is the thousands digit of 2913?
2
What is the thousands digit of 1522?
1
What is the units digit of 1471?
1
What is the units digit of 765?
5
What is the hundreds digit of 18060?
0
What is the units digit of 725?
5
What is the tens digit of 1071?
7
What is the thousands digit of 4279?
4
What is the tens digit of 2690?
9
What is the thousands digit of 15958?
5
What is the hundred thousands digit of 168900?
1
What is the hundreds digit of 7402?
4
What is the tens digit of 7975?
7
What is the tens digit of 248?
4
What is the units digit of 1918?
8
What is the thousands digit of 5115?
5
What is the tens digit of 13704?
0
What is the hundreds digit of 336?
3
What is the hundreds digit of 9676?
6
What is the hundreds digit of 9197?
1
What is the hundred thousands digit of 101592?
1
What is the thousands digit of 15306?
5
What is the units digit of 3692?
2
What is the hundreds digit of 3368?
3
What is the ten thousands digit of 81313?
8
What is the thousands digit of 2889?
2
What is the units digit of 49518?
8
What is the units digit of 358?
8
What is the units digit of 2597?
7
What is the hundreds digit of 199?
1
What is the hundreds digit of 8659?
6
What is the hundreds digit of 1612?
6
What is the hundreds digit of 21151?
1
What is the tens digit of 3436?
3
What is the tens digit of 98200?
0
What is the hundreds digit of 3782?
7
What is the thousands digit of 13183?
3
What is the hundreds digit of 16193?
1
What is the hundreds digit of 26560?
5
What is the units digit of 3636?
6
What is the hundreds digit of 52416?
4
What is the hundreds digit of 810?
8
What is the tens digit of 20282?
8
What is the tens digit of 3984?
8
What is the units digit of 43466?
6
What is the tens digit of 13969?
6
What is the units digit of 34998?
8
What is the tens digit of 1651?
5
What is the ten thousands digit of 69414?
6
What is the thousands digit of 3847?
3
What is the hundreds digit of 10536?
5
What is the thousands digit of 10802?
0
What is the units digit of 2203?
3
What is the units digit of 358?
8
What is the units digit of 17447?
7
What is the units digit of 9658?
8
What is the hundreds digit of 3725?
7
What is the units digit of 86577?
7
What is the tens digit of 4307?
0
What is the hundreds digit of 201?
2
What is the hundreds digit of 403?
4
What is the hundreds digit of 685?
6
What is the units digit of 980?
0
What is the hundreds digit of 8291?
2
What is the hundreds digit of 1208?
2
What is the thousands digit of 1269?
1
What is the tens digit of 45159?
5
What is the tens digit of 42082?
8
What is the units digit of 2640?
0
What is the hundreds digit of 718?
7
What is the tens digit of 15985?
8
What is the tens digit of 39790?
9
What is the units digit of 8062?
2
What is the units digit of 72520?
0
What is the tens digit of 2620?
2
What is the units digit of 521?
1
What is the thousands digit of 1320?
1
What is the tens digit of 1357?
5
What is the tens digit of 16056?
5
What is the thousands digit of 1545?
1
What is the thousands digit of 13542?
3
What is the tens digit of 15838?
3
What is the units digit of 14033?
3
What is the units digit of 19385?
5
What is the tens digit of 37329?
2
What is the thousands digit of 28079?
8
What is the ten thousands digit of 12766?
1
What is the tens digit of 35171?
7
What is the tens digit of 5328?
2
What is the units digit of 10531?
1
What is the units digit of 82?
2
What is the thousands digit of 174356?
4
What is the hundreds digit of 721?
7
What is the hundreds digit of 5294?
2
What is the thousands digit of 58922?
8
What is the tens digit of 1588?
8
What is the hundreds digit of 1380?
3
What is the ten thousands digit of 164236?
6
What is the tens digit of 3210?
1
What is the hundreds digit of 19729?
7
What is the tens digit of 1133?
3
What is the units digit of 3238?
8
What is the ten thousands digit of 18434?
1
What is the thousands digit of 2903?
2
What is the hundreds digit of 18184?
1
What is the thousands digit of 1684?
1
What is the hundreds digit of 1934?
9
What is the units digit of 3504?
4
What is the units digit of 1430?
0
What is the tens digit of 1306?
0
What is the units digit of 77?
7
Wh